
What is the remainder when 15533816 is divided by 1415?
1361
What is the remainder when 78047 is divided by 181?
36
What is the remainder when 3759761 is divided by 69616?
497
What is the remainder when 15944514 is divided by 530?
524
Calculate the remainder when 41011 is divided by 285.
256
Calculate the remainder when 38747 is divided by 796.
539
Calculate the remainder when 9364826 is divided by 73162.
90
Calculate the remainder when 52737 is divided by 620.
37
Calculate the remainder when 20619713 is divided by 2767.
29
What is the remainder when 56438462 is divided by 3762562?
32
What is the remainder when 45494965 is divided by 614?
21
What is the remainder when 68798495 is divided by 4155?
5
Calculate the remainder when 491954 is divided by 245316.
1322
What is the remainder when 124559475 is divided by 5455?
5
What is the remainder when 22780 is divided by 1638?
1486
What is the remainder when 117574478 is divided by 830?
828
Calculate the remainder when 259793 is divided by 23601.
182
Calculate the remainder when 155747 is divided by 155267.
480
What is the remainder when 70373 is divided by 70161?
212
What is the remainder when 18505 is divided by 4327?
1197
Calculate the remainder when 2089651 is divided by 140.
11
Calculate the remainder when 755334 is divided by 247799.
11937
Calculate the remainder when 48522787 is divided by 154.
5
What is the remainder when 3484905 is divided by 204?
177
What is the remainder when 5139626 is divided by 193?
36
What is the remainder when 1238208 is divided by 8658?
114
What is the remainder when 27683160 is divided by 11953?
12
Calculate the remainder when 1456130 is divided by 46.
0
What is the remainder when 169253 is divided by 84496?
261
Calculate the remainder when 110120 is divided by 27509.
84
Calculate the remainder when 48705 is divided by 332.
233
Calculate the remainder when 25628 is divided by 215.
43
What is the remainder when 11683179 is divided by 14?
11
What is the remainder when 73349 is divided by 73327?
22
What is the remainder when 4905869 is divided by 38?
31
Calculate the remainder when 391968 is divided by 23898.
9600
What is the remainder when 6515099 is divided by 32094?
17
Calculate the remainder when 4348214 is divided by 17.
5
What is the remainder when 6868684 is divided by 2799?
2737
What is the remainder when 449693 is divided by 26?
23
Calculate the remainder when 402096 is divided by 709.
93
Calculate the remainder when 4998349 is divided by 1249569.
73
What is the remainder when 1724378 is divided by 97?
9
Calculate the remainder when 444391 is divided by 1084.
1035
What is the remainder when 100108 is divided by 3333?
118
Calculate the remainder when 4687571 is divided by 2549.
2509
Calculate the remainder when 39815 is divided by 3932.
495
Calculate the remainder when 21613805 is divided by 266837.
8
What is the remainder when 582651 is divided by 582631?
20
Calculate the remainder when 973139 is divided by 543.
83
What is the remainder when 40912 is divided by 4159?
3481
Calculate the remainder when 665845 is divided by 4065.
3250
Calculate the remainder when 152908 is divided by 19108.
44
Calculate the remainder when 12924724 is divided by 749.
729
What is the remainder when 175667 is divided by 8365?
2
What is the remainder when 360339 is divided by 1616?
1587
Calculate the remainder when 3519745 is divided by 69.
55
What is the remainder when 5926660 is divided by 724?
720
What is the remainder when 1303312 is divided by 86?
68
Calculate the remainder when 49992 is divided by 24518.
956
Calculate the remainder when 48279740 is divided by 31.
30
Calculate the remainder when 59177 is divided by 18921.
2414
What is the remainder when 64059 is divided by 14?
9
Calculate the remainder when 765091 is divided by 113.
81
What is the remainder when 12209763 is divided by 282?
9
What is the remainder when 3961316 is divided by 366?
98
What is the remainder when 22861 is divided by 2290?
2251
Calculate the remainder when 11009373 is divided by 1223263.
6
What is the remainder when 277275 is divided by 643?
142
Calculate the remainder when 11860595 is divided by 25.
20
What is the remainder when 100296 is divided by 99882?
414
What is the remainder when 6071720 is divided by 411?
17
What is the remainder when 166502 is divided by 7928?
14
Calculate the remainder when 15297307 is divided by 7069.
7060
Calculate the remainder when 71520 is divided by 11919.
6
Calculate the remainder when 23113 is divided by 21722.
1391
Calculate the remainder when 865393 is divided by 1596.
361
What is the remainder when 9436512 is divided by 5?
2
What is the remainder when 1143866 is divided by 23?
7
Calculate the remainder when 241750 is divided by 15107.
38
Calculate the remainder when 400757940 is divided by 6871.
6865
Calculate the remainder when 1394986958 is divided by 464995651.
5
What is the remainder when 154885 is divided by 22124?
17
Calculate the remainder when 143432 is divided by 7216.
6328
What is the remainder when 38592709 is divided by 15?
4
Calculate the remainder when 9848530 is divided by 14.
6
Calculate the remainder when 195142 is divided by 65021.
79
What is the remainder when 242928212 is divided by 3545?
3542
Calculate the remainder when 38137314 is divided by 3393.
3387
Calculate the remainder when 1797173 is divided by 18916.
153
What is the remainder when 5454636 is divided by 800?
236
What is the remainder when 7499608 is divided by 94?
6
Calculate the remainder when 9235643 is divided by 732.
731
Calculate the remainder when 520668 is divided by 4148.
2168
Calculate the remainder when 2687534 is divided by 2687160.
374
Calculate the remainder when 972802 is divided by 7259.
96
Calculate the remainder when 11976361 is divided by 16.
9
Calculate the remainder when 222681 is divided by 55519.
605
Calculate the remainder when 1180547 is divided by 589063.
2421
Calculate the remainder when 116638 is divided by 2915.
38
Calculate the remainder when 57089129 is divided by 958.
951
What is the remainder when 2385073 is divided by 1408?
1329
What is the remainder when 8809728 is divided by 55?
48
Calculate the remainder when 572781 is divided by 572760.
21
What is the remainder when 5782 is divided by 3188?
2594
Calculate the remainder when 162560036 is divided by 120.
116
Calculate the remainder when 45727556 is divided by 439.
438
Calculate the remainder when 722506 is divided by 250.
6
Calculate the remainder when 1417716 is divided by 184.
180
Calculate the remainder when 441158 is divided by 339.
119
What is the remainder when 407229 is divided by 764?
17
Calculate the remainder when 727849 is divided by 242578.
115
Calculate the remainder when 50489349 is divided by 2399.
2394
What is the remainder when 17966754 is divided by 366666?
120
Calculate the remainder when 32871798 is divided by 20.
18
What is the remainder when 937560 is divided by 44600?
960
What is the remainder when 31772524 is divided by 260?
4
What is the remainder when 54476 is divided by 7437?
2417
Calculate the remainder when 10691040 is divided by 1243.
1240
What is the remainder when 2875978 is divided by 425?
3
Calculate the remainder when 317332 is divided by 7064.
6516
Calculate the remainder when 86669 is divided by 3952.
3677
What is the remainder when 156978 is divided by 2273?
141
Calculate the remainder when 79038 is divided by 25879.
1401
Calculate the remainder when 15183800 is divided by 5061252.
44
What is the remainder when 251715 is divided by 539?
2
What is the remainder when 25341 is divided by 2651?
1482
What is the remainder when 11062032 is divided by 15?
12
What is the remainder when 1250524 is divided by 625025?
474
What is the remainder when 1039 is divided by 58?
53
Calculate the remainder when 2230809 is divided by 18.
15
What is the remainder when 4742073 is divided by 2371028?
17
Calculate the remainder when 533976 is divided by 266983.
10
What is the remainder when 898767169 is divided by 3902?
3901
What is the remainder when 13065228 is divided by 8?
4
What is the remainder when 180856 is divided by 13906?
78
What is the remainder when 1272047 is divided by 1963?
23
Calculate the remainder when 30083761 is divided by 10027917.
10
What is the remainder wh